59226?
False
Does 18 divide 17071269?
False
Does 310 divide 23866590?
True
Does 47 divide 605748972?
True
Does 6 divide 2697772912?
False
Is 823 a factor of 1839847774?
True
Is 4 a factor of 1451082?
False
Is 20 a factor of 8457965?
False
Is 2987 a factor of 138527867?
False
Does 28 divide 43523608?
False
Does 87 divide 1813735893?
True
Is 534 a factor of 21465198?
True
Is 14 a factor of 478108965?
False
Does 3 divide 3551739?
True
Is 9 a factor of 12568653?
True
Is 2141017536 a multiple of 1428?
True
Does 10 divide 2441782490?
True
Does 58 divide 207221038?
False
Does 3 divide 6378243?
True
Is 10844472 a multiple of 356?
True
Is 5766768 a multiple of 31?
False
Is 43078140 a multiple of 420?
True
Is 3 a factor of 1025483301?
True
Is 17 a factor of 5290244807?
True
Is 424194590 a multiple of 17?
False
Does 121 divide 3038055295?
True
Is 4227 a factor of 177681945?
True
Is 29749469 a multiple of 10?
False
Is 3002099 a multiple of 204?
False
Is 226 a factor of 3280390?
True
Is 88 a factor of 675680108?
False
Is 163 a factor of 18871777?
False
Does 10 divide 16404263?
False
Is 29 a factor of 313687969?
False
Is 782 a factor of 100419748?
True
Does 555 divide 164959?
False
Is 84 a factor of 70848307?
False
Does 2974 divide 76859292?
False
Does 120 divide 92424816?
False
Does 647 divide 414664888?
True
Is 1019436461 a multiple of 9?
False
Does 12 divide 3300229848?
True
Does 258 divide 176412197?
False
Is 2044840607 a multiple of 178?
False
Is 110361646 a multiple of 386?
True
Is 6157655 a multiple of 119?
True
Is 48 a factor of 8082528?
True
Is 564 a factor of 95020464?
True
Is 154653859 a multiple of 4?
False
Is 1021440255 a multiple of 5316?
False
Is 1822472926 a multiple of 58?
True
Is 76 a factor of 64125988?
True
Does 91 divide 26709228?
True
Is 8180020 a multiple of 20?
True
Does 94 divide 14063288?
False
Does 1394 divide 24956782?
True
Does 19 divide 1214926136?
False
Does 1373 divide 227893286?
True
Is 3249418 a multiple of 47?
False
Is 1185 a factor of 18333201?
False
Does 1079 divide 302855878?
True
Does 48 divide 16750128?
True
Is 76902084 a multiple of 126?
True
Is 302 a factor of 2398786?
True
Is 221044626 a multiple of 489?
True
Does 546 divide 28476630?
True
Is 1730470875 a multiple of 1515?
True
Is 386897160 a multiple of 148?
True
Is 3 a factor of 897134015?
False
Is 248 a factor of 70621285?
False
Is 430215150 a multiple of 25?
True
Is 3092 a factor of 592114833?
False
Is 48648416 a multiple of 707?
False
Is 60 a factor of 2109796195?
False
Is 90549330 a multiple of 6?
True
Does 534 divide 85678164?
True
Is 147854036 a multiple of 21?
False
Is 1291984992 a multiple of 8?
True
Does 50 divide 10086050?
True
Is 1490945 a multiple of 155?
True
Does 204 divide 93769110?
False
Does 3 divide 27557977?
False
Does 50 divide 137164741?
False
Is 1056553600 a multiple of 100?
True
Is 4561310532 a multiple of 52?
False
Does 105 divide 784986195?
True
Does 31 divide 5977947?
True
Is 257 a factor of 2975032?
True
Is 11228126 a multiple of 17?
True
Is 350739108 a multiple of 606?
False
Does 23 divide 188549806?
False
Is 10809120 a multiple of 224?
True
Is 157274915 a multiple of 17?
False
Is 333 a factor of 181731116?
False
Is 65935795 a multiple of 19?
True
Does 855 divide 19531832?
False
Is 379 a factor of 1725801113?
False
Is 11173498 a multiple of 915?
False
Is 14532918 a multiple of 53?
True
Does 655 divide 177334523?
False
Does 307 divide 1150745599?
True
Does 80 divide 60603203?
False
Is 2183364865 a multiple of 9?
False
Is 156671 even?
False
Is 314 a factor of 256733482?
False
Does 4932 divide 449403840?
True
Is 31 a factor of 4911166909?
True
Is 20118690 a multiple of 18?
True
Is 1639 a factor of 395495617?
True
Is 4109 a factor of 43892338?
True
Is 163268040 a multiple of 15?
True
Does 163 divide 14714583?
False
Does 86 divide 93785165?
False
Is 273 a factor of 37333569?
True
Is 55 a factor of 1356442012?
False
Is 182521845 a multiple of 605?
True
Is 8 a factor of 1560074928?
True
Does 7 divide 56700588?
True
Does 6618 divide 1558975788?
True
Is 18 a factor of 710608618?
False
Is 60 a factor of 98617020?
True
Is 152802985 a multiple of 659?
False
Is 22 a factor of 1467440062?
True
Is 794838113 a multiple of 2815?
False
Does 1885 divide 281839545?
True
Is 11 a factor of 3476020559?
True
Is 2318307935 a multiple of 203?
False
Does 3 divide 1963062?
True
Does 54 divide 4621983336?
True
Is 104485301 a multiple of 211?
True
Does 31 divide 66722099?
False
Is 1643 a factor of 213590?
True
Is 99 a factor of 39550005?
True
Is 1090 a factor of 18432796?
False
Does 2 divide 215988105?
False
Is 47 a factor of 163561222?
True
Is 48527415 a multiple of 490?
False
Is 7544448 a multiple of 24?
True
Is 43492845 a multiple of 4?
False
Is 45 a factor of 783275040?
True
Does 27 divide 266611650?
False
Does 460 divide 4638251?
False
Is 509 a factor of 341800626?
True
Does 31 divide 2718957238?
True
Does 25 divide 69769794?
False
Is 23 a factor of 63983470?
True
Does 25 divide 24116106?
False
Does 245 divide 17194659?
False
Is 610 a factor of 1752063617?
False
Does 5531 divide 119469600?
True
Is 12295258 a multiple of 101?
False
Is 1165520938 a multiple of 148?
False
Does 738 divide 47405336?
False
Is 4568929 a multiple of 113?
True
Is 167 a factor of 760910421?
False
Does 12 divide 720548484?
True
Is 19105944 a multiple of 258?
False
Is 486 a factor of 72111222?
True
Does 2074 divide 2083388537?
False
Is 22 a factor of 79510266?
True
Does 20 divide 269198540?
True
Is 41 a factor of 36660314?
True
Does 159 divide 4213498?
False
Does 6 divide 197609478?
True
Is 424373114 a multiple of 662?
True
Is 123120936 a multiple of 8?
True
Is 1172 a factor of 5943212?
True
Does 328 divide 71338032?
True
Does 51 divide 1554888?
True
Is 260 a factor of 33300800?
True
Is 40620970 a multiple of 71?
False
Is 907 a factor of 7649467004?
False
Does 74 divide 1053877?
False
Is 368 a factor of 117270313?
False
Does 8 divide 975111?
False
Does 2586 divide 94629498?
True
Is 5904984 a multiple of 809?
False
Does 358 divide 1866371424?
True
Does 11 divide 34768492?
True
Is 351539364 a multiple of 1434?
True
Is 86 a factor of 307086803?
False
Does 109 divide 108616731?
False
Is 100 a factor of 23618903?
False
Is 385028049 a multiple of 2791?
False
Is 142 a factor of 449234916?
False
Does 5981 divide 1488500690?
False
Does 44 divide 1557727173?
False
Is 35781870 a multiple of 984?
False
Is 48 a factor of 16776720?
True
Is 30660230 a multiple of 26?
False
Is 19 a factor of 595400291?
False
Does 341 divide 1247070418?
True
Does 220 divide 236311393?
False
Is 229 a factor of 113804054?
False
Is 1283966650 a multiple of 50?
True
Is 166680904 a multiple of 223?
True
Is 1086 a factor of 28124142?
True
Does 12 divide 63284894?
False
Is 44 a factor of 129358558?
False
Is 161 a factor of 19842988?
False
Does 3329 divide 46559394?
True
Does 90 divide 97150590?
True
Does 1033 divide 2154703?
False
Does 43 divide 146715499?
False
Does 48 divide 3318215475?
False
Is 63300773 a multiple of 117?
False
Does 744 divide 32063076?
False
Is 706 a factor of 14351568?
True
Is 34 a factor of 98932204?
False
Is 555 a factor of 248257605?
True
Does 336 divide 196599934?
False
Is 147232431 a multiple of 9?
True
Is 5877924 a multiple of 13?
True
Does 73 divide 162561539?
False
Does 11 divide 72474237?
True
Is 4870289 a multiple of 20?
False
Is 14 a factor of 1384826931?
False
Does 19 divide 62445761?
True
Does 16 divide 20444336?
True
Is 88 a factor of 65490957?
False
Does 70 divide 8754760?
True
Does 12 divide 6298716?
True
Is 49 a factor of 41307249?
False
Is 684 a factor of 142829317?
False
Does 3445 divide 54096835?
True
Is 3888883 even?
False
Does 2570 divide 516772432?
False
Is 61056040 a multiple of 5?
True
Is 12 a factor of 178785536?
False
Does 3 divide 2417722?
False
Does 125 divide 911399250?
True
Is 4735 a factor of 256380567?
False
Is 13132928 a multiple of 2?
True
Does 2440 divide 1063555626?
False
Is 13339655 a multiple of 1155?
False
Is 3304285298 a multiple of 14?
False
Is 353 a factor of 576456413?
True
Is 338 a factor of 176014852?
True
Is 134166564 a multiple of 103?
True
Does 3689 divide 989879328?
False
Is 26 a factor of 71344308?
False
Is 357356235 a multiple of 3659?
True
Does 1118 